e remainder when 241206 is divided by 55?
31
Calculate the remainder when 71741 is divided by 2657.
2
What is the remainder when 111158 is divided by 164?
130
Calculate the remainder when 51615 is divided by 71.
69
Calculate the remainder when 3457 is divided by 434.
419
What is the remainder when 32678 is divided by 55?
8
Calculate the remainder when 14314 is divided by 129.
124
Calculate the remainder when 1000290 is divided by 23.
20
Calculate the remainder when 629430 is divided by 202.
200
What is the remainder when 5937 is divided by 1958?
63
Calculate the remainder when 5793 is divided by 1306.
569
Calculate the remainder when 16671 is divided by 2478.
1803
Calculate the remainder when 29083 is divided by 14539.
5
What is the remainder when 6934 is divided by 88?
70
What is the remainder when 117760 is divided by 999?
877
Calculate the remainder when 181669 is divided by 181658.
11
What is the remainder when 8260 is divided by 8254?
6
What is the remainder when 25953 is divided by 2992?
2017
Calculate the remainder when 10647 is divided by 39.
0
Calculate the remainder when 145706 is divided by 9713.
11
Calculate the remainder when 14530 is divided by 12.
10
What is the remainder when 58889 is divided by 201?
197
Calculate the remainder when 785 is divided by 312.
161
What is the remainder when 10858 is divided by 57?
28
Calculate the remainder when 29510 is divided by 29471.
39
Calculate the remainder when 176813 is divided by 272.
13
Calculate the remainder when 74193 is divided by 24727.
12
What is the remainder when 21595 is divided by 69?
67
Calculate the remainder when 21229 is divided by 317.
307
What is the remainder when 6629 is divided by 78?
77
What is the remainder when 6038 is divided by 215?
18
What is the remainder when 131940 is divided by 970?
20
Calculate the remainder when 1645 is divided by 1302.
343
What is the remainder when 72782 is divided by 26?
8
What is the remainder when 794842 is divided by 472?
466
Calculate the remainder when 15063 is divided by 3752.
55
Calculate the remainder when 4670 is divided by 40.
30
What is the remainder when 5338 is divided by 1326?
34
Calculate the remainder when 582927 is divided by 23.
15
Calculate the remainder when 6381 is divided by 336.
333
What is the remainder when 13713 is divided by 1610?
833
What is the remainder when 9911 is divided by 3302?
5
Calculate the remainder when 28541 is divided by 67.
66
What is the remainder when 19170 is divided by 799?
793
What is the remainder when 16679 is divided by 235?
229
Calculate the remainder when 93442 is divided by 46713.
16
Calculate the remainder when 22029 is divided by 10973.
83
What is the remainder when 1281 is divided by 1235?
46
Calculate the remainder when 4897 is divided by 78.
61
Calculate the remainder when 17983 is divided by 1057.
14
Calculate the remainder when 7877 is divided by 1968.
5
What is the remainder when 45368 is divided by 409?
378
What is the remainder when 8873 is divided by 4410?
53
Calculate the remainder when 14589 is divided by 324.
9
Calculate the remainder when 82917 is divided by 4.
1
Calculate the remainder when 580024 is divided by 25.
24
What is the remainder when 22197 is divided by 22190?
7
What is the remainder when 44232 is divided by 2?
0
Calculate the remainder when 1605289 is divided by 131.
15
What is the remainder when 101652 is divided by 1130?
1082
Calculate the remainder when 759 is divided by 70.
59
What is the remainder when 44152 is divided by 22075?
2
What is the remainder when 35776 is divided by 17877?
22
What is the remainder when 52990 is divided by 197?
194
What is the remainder when 9633 is divided by 141?
45
What is the remainder when 155785 is divided by 74?
15
What is the remainder when 10567 is divided by 31?
27
What is the remainder when 55388 is divided by 7910?
18
Calculate the remainder when 1300 is divided by 1242.
58
What is the remainder when 1247 is divided by 461?
325
What is the remainder when 5858 is divided by 2866?
126
What is the remainder when 1145968 is divided by 1070?
1068
What is the remainder when 6911 is divided by 276?
11
Calculate the remainder when 62199 is divided by 145.
139
What is the remainder when 10143 is divided by 273?
42
Calculate the remainder when 22486 is divided by 123.
100
What is the remainder when 8653 is divided by 605?
183
Calculate the remainder when 4408 is divided by 1795.
818
Calculate the remainder when 11600 is divided by 1932.
8
Calculate the remainder when 1128 is divided by 83.
49
Calculate the remainder when 13678 is divided by 1240.
38
What is the remainder when 231674 is divided by 183?
179
Calculate the remainder when 8260 is divided by 129.
4
Calculate the remainder when 25566 is divided by 188.
186
What is the remainder when 694 is divided by 88?
78
Calculate the remainder when 20589 is divided by 735.
9
Calculate the remainder when 36722 is divided by 18361.
0
What is the remainder when 6040045 is divided by 16?
13
Calculate the remainder when 898 is divided by 188.
146
What is the remainder when 210615 is divided by 62?
1
What is the remainder when 381480 is divided by 95369?
4
Calculate the remainder when 360 is divided by 33.
30
What is the remainder when 15984 is divided by 3176?
104
What is the remainder when 321320 is divided by 13?
12
Calculate the remainder when 421202 is divided by 1872.
2
Calculate the remainder when 15319 is divided by 5100.
19
What is the remainder when 1249808 is divided by 10?
8
Calculate the remainder when 60789 is divided by 31.
29
Calculate the remainder when 2771 is divided by 23.
11
Calculate the remainder when 3530 is divided by 52.
46
What is the remainder when 693 is divided by 59?
44
What is the remainder when 3085 is divided by 1502?
81
What is the remainder when 362039 is divided by 95?
89
What is the remainder when 83441 is divided by 152?
145
What is the remainder when 31829 is divided by 2444?
57
Calculate the remainder when 1237 is divided by 680.
557
Calculate the remainder when 109400 is divided by 39.
5
Calculate the remainder when 3290 is divided by 546.
14
Calculate the remainder when 3331 is divided by 667.
663
What is the remainder when 23577 is divided by 393?
390
Calculate the remainder when 14395 is divided by 567.
220
Calculate the remainder when 87942 is divided by 215.
7
What is the remainder when 80056 is divided by 98?
88
Calculate the remainder when 35494 is divided by 116.
114
Calculate the remainder when 114491 is divided by 1070.
1
Calculate the remainder when 1090 is divided by 103.
60
What is the remainder when 292670 is divided by 33?
26
Calculate the remainder when 367124 is divided by 55.
54
What is the remainder when 104690 is divided by 560?
530
What is the remainder when 5307 is divided by 47?
43
What is the remainder when 1540160 is divided by 49?
41
What is the remainder when 349299 is divided by 350?
349
What is the remainder when 144899 is divided by 5?
4
What is the remainder when 266302 is divided by 96?
94
Calculate the remainder when 10445 is divided by 4151.
2143
What is the remainder when 15626 is divided by 590?
286
Calculate the remainder when 6354 is divided by 1268.
14
Calculate the remainder when 319 is divided by 184.
135
What is the remainder when 417 is divided by 148?
121
What is the remainder when 63619 is divided by 482?
477
What is the remainder when 4784 is divided by 950?
34
Calculate the remainder when 4494 is divided by 342.
48
What is the remainder when 3482 is divided by 580?
2
What is the remainder when 8408 is divided by 1380?
128
Calculate the remainder when 1007 is divided by 315.
62
Calculate the remainder when 18679 is divided by 1037.
13
Calculate the remainder when 4542 is divided by 255.
207
Calculate the remainder when 49860 is divided by 514.
2
What is the remainder when 920 is divided by 98?
38
What is the remainder when 448199 is divided by 1192?
7
Calculate the remainder when 673372 is divided by 178.
176
What is the remainder when 1637 is divided by 153?
107
What is the remainder when 5424 is divided by 5386?
38
What is the remainder when 3743 is divided by 3579?
164
Calculate the remainder when 19190 is divided by 73.
64
Calculate the remainder when 96166 is divided by 23.
3
What is th